ase 2?
100001101000111011110
-100223212 (base 4) to base 12
-3365a
What is 1122012312 (base 4) in base 6?
11524410
What is -10010001100000110011 (base 2) in base 16?
-91833
What is -311131143 (base 5) in base 6?
-43123154
What is -c713 (base 13) in base 6?
-331335
-42245251 (base 6) to base 4
-10231200133
Convert 58b063 (base 14) to base 9.
5622781
51465453 (base 7) to base 2
10000011110011011100011
Convert d05b (base 15) to base 6.
535305
Convert -2040455 (base 7) to base 5.
-30321023
What is 598147 (base 11) in base 9?
1704170
-571334 (base 9) to base 13
-bc992
a5d3c (base 15) to base 9
881613
358866 (base 9) to base 4
310312230
Convert 403141433 (base 5) to base 6.
54341551
Convert 11211221221102 (base 3) to base 12.
a43885
What is -7786 (base 16) in base 9?
-45867
Convert -5ac39 (base 15) to base 9.
-481260
2140013 (base 7) to base 9
438008
11000000011000010 (base 2) to base 15
1e2b8
2431a62 (base 11) to base 9
7862676
Convert 10100111101010100000011 (base 2) to base 10.
5494019
What is 153718 (base 11) in base 6?
5043003
Convert -1024255 (base 8) to base 10.
-272557
-1ee6e (base 16) to base 13
-457c6
b7645 (base 13) to base 2
1010000101101111101
Convert 37328 (base 9) to base 5.
1300210
Convert 635156 (base 7) to base 9.
176615
20852 (base 16) to base 5
13230302
Convert -1222020002 (base 3) to base 5.
-2220201
Convert 11111111001111110111110 (base 2) to base 8.
37717676
-51aa24 (base 13) to base 7
-22136525
Convert 143430413 (base 6) to base 8.
13261411
What is 63313 (base 8) in base 11?
18853
-13219b (base 14) to base 8
-2406715
-221322031012 (base 4) to base 5
-10303030220
-643859 (base 10) to base 15
-cab8e
Convert -17116231 (base 8) to base 5.
-2004102444
Convert 98a785 (base 11) to base 4.
12001330211
Convert -86c61 (base 13) to base 9.
-411353
Convert -433024440 (base 5) to base 12.
-750098
What is 9ce0 (base 16) in base 3?
2001002102
101131440 (base 5) to base 11
261187
Convert 44443045 (base 7) to base 2.
1110101010001001100110
-5829418 (base 10) to base 8
-26171452
Convert -dea3 (base 16) to base 3.
-2220011221
222212010111120 (base 3) to base 13
2c59602
944862 (base 10) to base 9
1700086
Convert 5632751 (base 8) to base 14.
2b84c1
Convert -14003243 (base 5) to base 14.
-395a9
What is -21098 (base 15) in base 5?
-11323033
8844382 (base 9) to base 11
2757330
3b061 (base 12) to base 10
81289
1001312031 (base 4) to base 12
1100b9
What is 15a7863 (base 12) in base 10?
4450827
32114 (base 12) to base 7
362623
10931a6 (base 11) to base 8
7215550
What is -80062 (base 10) in base 8?
-234276
Convert -53691f (base 16) to base 10.
-5466399
1300443332 (base 6) to base 13
31a7542
What is -10000111001100111010 (base 2) in base 15?
-ae141
-11011001020102 (base 3) to base 11
-1276a48
Convert 1756b06 (base 13) to base 7.
121313643
What is -1014204 (base 6) in base 4?
-23323330
Convert 40a62a (base 12) to base 11.
63250a
Convert -4026788 (base 9) to base 15.
-2c5372
Convert 1011011101111000001000 (base 2) to base 15.
3e59c5
18b6cd (base 15) to base 12
4a0257
What is 29279a (base 12) in base 16?
a82e6
What is 1204514253 (base 6) in base 4?
310020012321
What is 22554250 (base 6) in base 12?
298986
What is 4325420 (base 6) in base 7?
1550160
Convert 2312760 (base 10) to base 6.
121323120
Convert -1100111000011001 (base 2) to base 7.
-306552
What is 121143212 (base 6) in base 11?
1330997
What is 25362630 (base 7) in base 3?
11022220121010
450052104 (base 6) to base 12
287a034
1673a01 (base 12) to base 3
22201021012101
Convert -100220200 (base 4) to base 12.
-33514
-cc1160 (base 13) to base 15
-64c662
Convert -39461 (base 11) to base 6.
-1113205
Convert 1b0b8 (base 16) to base 12.
54134
Convert 447e3 (base 15) to base 14.
59524
What is 3002230001 (base 4) in base 2?
11000010101100000001
Convert -31456514 (base 8) to base 13.
-150b67a
What is 100210122112102 (base 3) in base 14?
998502
c2524 (base 16) to base 10
795940
Convert 13206888 (base 10) to base 3.
220211222110000
Convert 12450a (base 11) to base 10.
196272
-32121232221 (base 4) to base 6
-212530413
-203121 (base 6) to base 12
-94a1
What is -539210 (base 11) in base 8?
-3222342
What is 2341333404 (base 5) in base 9?
11167056
-77b8 (base 14) to base 2
-101000100000110
What is -1011100 (base 6) in base 3?
-2110010100
-1145993 (base 10) to base 16
-117c89
What is -44612 (base 11) in base 12?
-31497
-10111011011000010 (base 2) to base 9
-155537
-101101001100101010 (base 2) to base 11
-117100
Convert 119b4b (base 16) to base 4.
10121231023
Convert -88c7c (base 13) to base 14.
-66643
Convert -1515443 (base 6) to base 13.
-31128
What is 3526221 (base 7) in base 4?
1230120303
Convert 160054150 (base 7) to base 4.
220321010200
What is 2450294 (base 10) in base 8?
11261566
What is -628831 (base 13) in base 6?
-121213544
-30221344 (base 5) to base 8
-730663
Convert 22d119 (base 16) to base 2.
1000101101000100011001
Convert 2422165 (base 14) to base 8.
101757255
2321605 (base 8) to base 11
3a165a
Convert 110011011212 (base 3) to base 8.
723213
Convert 180458 (base 13) to base 12.
24b642
-5304260 (base 8) to base 5
-330124443
66068 (base 10) to base 6
1225512
-24334212 (base 5) to base 6
-4535221
221024331 (base 5) to base 10
954966
Convert -302020314 (base 5) to base 7.
-13144354
What is 306161 (base 7) in base 3?
2200010002
-2011100221 (base 4) to base 3
-1000201202001
45ccd (base 14) to base 8
513675
What is 285787 (base 9) in base 2?
101010101100011101
Convert 23221040 (base 5) to base 10.
210770
1103444 (base 5) to base 15
5a84
What is 164532 (base 9) in base 15?
20245
What is -1a78741 (base 11) in base 14?
-670134
-41135344 (base 8) to base 2
-100001001011101011100100
Convert -26b2a2 (base 15) to base 3.
-10111111202022
What is -72368a (base 11) in base 6?
-40521040
Convert 134226 (base 9) to base 11.
56535
-33df83 (base 16) to base 11
-1a12155
2248aa (base 11) to base 12
153084
Convert c6ce (base 15) to base 10.
42044
What is 2331516 (base 7) in base 10?
293523
Convert 11010011011021 (base 3) to base 5.
1030002334
Convert 11bbb21 (base 12) to base 3.
20112222111121
What is -354a76 (base 16) in base 7?
-41454062
Convert -8c5f8 (base 16) to base 2.
-10001100010111111000
-85a589 (base 11) to base 14
-27b46d
What is 2221203 (base 4) in base 6?
122123
What is 1223132 (base 5) in base 16?
5bf6
2625106 (base 7) to base 8
1235270
What is 1340 (base 12) in base 4?
202200
101101111011111100 (base 2) to base 16
2defc
What is -4002 (base 16) in base 13?
-75c6
3488304 (base 9) to base 8
7151476
494d4 (base 16) to base 4
1021103110
What is -2011024102 (base 5) in base 16?
-3d0ff1
-3210320 (base 6) to base 16
-26508
What is 3ba1b4 (base 13) in base 14?
29a796
769042 (base 11) to base 4
10223213130
24120537 (base 8) to base 6
305131503
What is 32202313 (base 5) in base 8?
1023520
What is 19a9 (base 16) in base 5?
202234
7cc64 (base 13) to base 12
b0215
-50952 (base 11) to base 12
-3703b
What is 975fc (base 16) in base 13?
1892a6
What is 122001201120 (base 3) in base 6?
11110540
1561116 (base 8) to base 9
756767
-111130434 (base 5) to base 6
-14254102
What is -18c29 (base 15) in base 9?
-132213
What is -12021011 (base 3) in base 11?
-297a
6007a (base 13) to base 6
3401455
-a4208 (base 15) to base 2
-1111111000000010000
-231125245 (base 6) to base 10
-4257245
What is 18177c (base 16) in base 11?
989262
Convert 6740a (base 15) to base 11.
204711
Convert -99d3c (base 14) to base 11.
-2352aa
Convert -11121000012 (base 3) to base 13.
-321bc
What is 353b5 (base 13) in base 11?
67136
Convert -12313013 (base 6) to base 4.
-1201103001
Convert 81711 (base 11) to base 14.
316aa
Convert 2503044 (base 6) to base 7.
1062241
-1da77 (base 14) to base 5
-4414103
1a2a5a (base 11) to base 7
2434603
What is b5d48 (base 16) in base 4?
2311311020
Convert aa32 (base 12) to base 10.
18758
2157640 (base 9) to base 7
12601656
Convert -808e3a (base 16) to base 10.
-8425018
222310 (base 7) to base 4
21211120
What is 103079 (base 13) in base 11?
238a92
What is 1322455 (base 7) in base 16?
2a6e2
11000110202 (base 3) to base 8
232344
Convert -2672976 (base 10) to base 6.
-133142520
Convert 6631411 (base 7) to base 10.
814486
Convert -1dbea (base 16) to base 15.
-26174
Convert 3144404 (base 6) to base 7.
1210543
What is -23310032231 (base 4) in